me factors of 1156781.
29, 113, 353
What are the prime factors of 4912656176?
2, 89, 773, 4463
What are the prime factors of 770183055?
3, 5, 181, 94559
What are the prime factors of 348482890?
2, 5, 7, 23, 263, 823
What are the prime factors of 2465753712?
2, 3, 17, 61, 49537
List the prime factors of 6319447185.
3, 5, 31, 13590209
What are the prime factors of 47764603?
1129, 42307
List the prime factors of 7076557148.
2, 29, 1499, 40697
What are the prime factors of 196615913?
13, 15124301
What are the prime factors of 10938524?
2, 23, 118897
What are the prime factors of 2078160012?
2, 3, 3259, 17713
List the prime factors of 21667269.
3, 13, 131, 4241
What are the prime factors of 25608865?
5, 19, 43, 6269
List the prime factors of 62947635.
3, 5, 4196509
List the prime factors of 226099923.
3, 7, 223, 48281
List the prime factors of 3179406566.
2, 7, 227100469
List the prime factors of 142182824.
2, 7, 29, 3019
What are the prime factors of 1290353041?
7079, 182279
What are the prime factors of 542016572?
2, 19, 7131797
What are the prime factors of 30196204?
2, 1217, 6203
List the prime factors of 135643580.
2, 5, 41, 83, 1993
What are the prime factors of 110390059?
13, 8491543
What are the prime factors of 33152615?
5, 6630523
What are the prime factors of 28498900?
2, 5, 284989
List the prime factors of 69630638.
2, 7, 11, 379, 1193
List the prime factors of 76868854.
2, 73, 526499
List the prime factors of 66359792.
2, 829, 5003
What are the prime factors of 4855046783?
107, 45374269
List the prime factors of 25434511.
103, 246937
List the prime factors of 726920307.
3, 80768923
List the prime factors of 688908574.
2, 19, 954167
List the prime factors of 193634136.
2, 3, 433, 6211
What are the prime factors of 2117067593?
31, 68292503
What are the prime factors of 47259908?
2, 29, 73, 5581
List the prime factors of 135034803.
3, 5001289
What are the prime factors of 122337774?
2, 3, 13, 522811
List the prime factors of 95444208.
2, 3, 487, 1361
List the prime factors of 123742782.
2, 3, 19, 120607
What are the prime factors of 34779621?
3, 313, 37039
List the prime factors of 9148245407.
7, 1306892201
What are the prime factors of 2279242?
2, 7, 71, 2293
List the prime factors of 1065253639.
19, 56065981
What are the prime factors of 273753330?
2, 3, 5, 19, 29, 16561
List the prime factors of 179873723.
179873723
List the prime factors of 5660455.
5, 1132091
What are the prime factors of 138580986?
2, 3, 839, 27529
List the prime factors of 359964523.
211, 443, 3851
What are the prime factors of 405182958?
2, 3, 31, 47, 46349
List the prime factors of 98897287.
61, 307, 5281
List the prime factors of 547211926.
2, 273605963
List the prime factors of 91655027.
91655027
What are the prime factors of 57693250?
2, 5, 230773
List the prime factors of 163558669.
19, 439, 19609
What are the prime factors of 2825740257?
3, 2389, 394271
List the prime factors of 660077397.
3, 7, 1051, 3323
What are the prime factors of 187155697?
89, 2102873
What are the prime factors of 31631187?
3, 7, 23, 43, 1523
What are the prime factors of 42615573?
3, 7, 11, 13, 23, 617
What are the prime factors of 13480600?
2, 5, 7, 9629
List the prime factors of 48803772.
2, 3, 4066981
List the prime factors of 984217276.
2, 7, 5591, 6287
What are the prime factors of 52195663?
13, 4015051
What are the prime factors of 2895747?
3, 965249
List the prime factors of 403196027.
13, 773, 40123
List the prime factors of 254525787.
3, 9426881
What are the prime factors of 92693594?
2, 7, 643, 1471
List the prime factors of 5864348.
2, 7, 209441
What are the prime factors of 265848266?
2, 19, 6996007
What are the prime factors of 515160079?
7, 2377, 4423
What are the prime factors of 97307565?
3, 5, 863, 7517
List the prime factors of 2443618778.
2, 41, 587, 50767
What are the prime factors of 222191047?
13, 17091619
What are the prime factors of 118795617?
3, 167, 79039
List the prime factors of 156494574.
2, 3, 89, 97687
What are the prime factors of 12032066?
2, 6016033
List the prime factors of 173336649.
3, 57778883
What are the prime factors of 53047982?
2, 13, 23, 43, 2063
List the prime factors of 3862631493.
3, 7, 61311611
List the prime factors of 36554525.
5, 7, 89, 2347
What are the prime factors of 329121740?
2, 5, 16456087
List the prime factors of 1564569453.
3, 521523151
List the prime factors of 3401325258.
2, 3, 8161, 69463
What are the prime factors of 38083098?
2, 3, 6347183
What are the prime factors of 70872040?
2, 5, 83, 21347
List the prime factors of 436466038.
2, 218233019
What are the prime factors of 661135589?
173, 193, 19801
List the prime factors of 544770609.
3, 181590203
What are the prime factors of 65799248?
2, 17, 47, 5147
What are the prime factors of 1080318343?
13, 1409, 58979
What are the prime factors of 124592227?
124592227
List the prime factors of 29410667.
11, 13, 43, 4783
List the prime factors of 39839693.
89, 447637
What are the prime factors of 193550296?
2, 3163, 7649
What are the prime factors of 117401224?
2, 14675153
List the prime factors of 122494500.
2, 3, 5, 163, 167
List the prime factors of 19102593.
3, 6367531
List the prime factors of 2481042864.
2, 3, 51688393
What are the prime factors of 148603949?
13, 59, 313, 619
List the prime factors of 1828069856.
2, 5849, 9767
List the prime factors of 43991127.
3, 761, 2141
List the prime factors of 139093608.
2, 3, 67, 86501
What are the prime factors of 4086244668?
2, 3, 11, 53, 101, 5783
List the prime factors of 90215759.
90215759
List the prime factors of 15546807.
3, 19, 90917
List the prime factors of 18368648.
2, 2296081
What are the prime factors of 156126524?
2, 41, 269, 3539
List the prime factors of 405404695.
5, 17, 79, 60373
What are the prime factors of 31554065?
5, 2447, 2579
What are the prime factors of 278241249?
3, 11, 13, 131, 4951
List the prime factors of 1253427634.
2, 53, 61, 149, 1301
List the prime factors of 98316519.
3, 7, 4681739
List the prime factors of 46282654.
2, 11, 233, 9029
What are the prime factors of 128120392?
2, 43, 372443
What are the prime factors of 72850392?
2, 3, 991, 1021
What are the prime factors of 152495033?
109, 1399037
List the prime factors of 105831726.
2, 3, 7, 11, 13, 67, 263
List the prime factors of 3811252444.
2, 23, 1087, 1657
List the prime factors of 68158387.
11, 1093, 5669
List the prime factors of 2478645386.
2, 7, 177046099
What are the prime factors of 578536825?
5, 23, 1006151
List the prime factors of 1256857911.
3, 41, 89, 12757
List the prime factors of 35878011.
3, 13, 919949
List the prime factors of 33980781.
3, 83, 239, 571
What are the prime factors of 198366330?
2, 3, 5, 281, 23531
What are the prime factors of 1972079758?
2, 11, 229, 391441
List the prime factors of 3757214115.
3, 5, 17, 4911391
List the prime factors of 282153673.
23, 29, 423019
What are the prime factors of 106310639?
17, 487, 12841
What are the prime factors of 275809541?
7, 39401363
List the prime factors of 2513748857.
9049, 277793
List the prime factors of 45478580.
2, 5, 7, 324847
What are the prime factors of 330416513?
7, 1879, 25121
List the prime factors of 96216803.
1559, 61717
What are the prime factors of 238208903?
349, 682547
List the prime factors of 165412729.
1789, 92461
List the prime factors of 3598350458.
2, 17, 613, 172649
What are the prime factors of 7414014339?
3, 19, 53, 191, 4283
List the prime factors of 1196152717.
443, 2700119
What are the prime factors of 85683218?
2, 67, 619, 1033
What are the prime factors of 49925580?
2, 3, 5, 37, 43, 523
What are the prime factors of 31994265?
3, 5, 23, 92737
What are the prime factors of 6999616?
2, 13, 47, 179
What are the prime factors of 1011573608?
2, 157, 229, 3517
What are the prime factors of 27696360?
2, 3, 5, 443, 521
List the prime factors of 2726591.
7, 389513
List the prime factors of 144925648.
2, 7, 1293979
What are the prime factors of 958881017?
23, 857, 48647
What are the prime factors of 231457706?
2, 1367, 84659
What are the prime factors of 4510332463?
7, 13, 49564093
List the prime factors of 3987528083.
7, 11, 1097, 47207
List the prime factors of 3186570919.
7, 397, 1146661
List the prime factors of 323171787.
3, 163, 251, 263